5, 853
What are the prime factors of 35?
5, 7
List the prime factors of 1856.
2, 29
What are the prime factors of 1970?
2, 5, 197
What are the prime factors of 2295?
3, 5, 17
List the prime factors of 1598.
2, 17, 47
What are the prime factors of 52070?
2, 5, 41, 127
What are the prime factors of 689?
13, 53
What are the prime factors of 33223?
33223
What are the prime factors of 369?
3, 41
What are the prime factors of 2340?
2, 3, 5, 13
What are the prime factors of 1056?
2, 3, 11
What are the prime factors of 2238?
2, 3, 373
What are the prime factors of 15709?
23, 683
What are the prime factors of 8272?
2, 11, 47
List the prime factors of 17221.
17, 1013
What are the prime factors of 1048?
2, 131
What are the prime factors of 291?
3, 97
List the prime factors of 15776.
2, 17, 29
List the prime factors of 34939.
34939
List the prime factors of 17517.
3, 5839
What are the prime factors of 449?
449
List the prime factors of 90.
2, 3, 5
What are the prime factors of 3171?
3, 7, 151
What are the prime factors of 118586?
2, 13, 4561
What are the prime factors of 38601?
3, 4289
List the prime factors of 1553.
1553
What are the prime factors of 96?
2, 3
What are the prime factors of 23963?
31, 773
What are the prime factors of 77124?
2, 3, 6427
What are the prime factors of 7258?
2, 19, 191
List the prime factors of 7469.
7, 11, 97
What are the prime factors of 97070?
2, 5, 17, 571
What are the prime factors of 4207?
7, 601
What are the prime factors of 67539?
3, 47, 479
What are the prime factors of 27234?
2, 3, 17, 89
What are the prime factors of 4263?
3, 7, 29
List the prime factors of 5790.
2, 3, 5, 193
List the prime factors of 89280.
2, 3, 5, 31
List the prime factors of 1784.
2, 223
List the prime factors of 6933.
3, 2311
List the prime factors of 31613.
101, 313
What are the prime factors of 27172?
2, 6793
List the prime factors of 2546.
2, 19, 67
List the prime factors of 1562.
2, 11, 71
What are the prime factors of 663?
3, 13, 17
List the prime factors of 227.
227
List the prime factors of 9106.
2, 29, 157
List the prime factors of 401.
401
List the prime factors of 6341.
17, 373
List the prime factors of 5759.
13, 443
List the prime factors of 10283.
7, 13, 113
What are the prime factors of 1185?
3, 5, 79
What are the prime factors of 36266?
2, 18133
What are the prime factors of 1998?
2, 3, 37
List the prime factors of 759.
3, 11, 23
What are the prime factors of 81463?
81463
List the prime factors of 6588.
2, 3, 61
What are the prime factors of 962?
2, 13, 37
What are the prime factors of 157?
157
List the prime factors of 17534.
2, 11, 797
What are the prime factors of 68886?
2, 3, 43, 89
What are the prime factors of 16856?
2, 7, 43
What are the prime factors of 93344?
2, 2917
List the prime factors of 620.
2, 5, 31
List the prime factors of 2018.
2, 1009
List the prime factors of 6237.
3, 7, 11
What are the prime factors of 13563?
3, 11, 137
List the prime factors of 14536.
2, 23, 79
List the prime factors of 156.
2, 3, 13
List the prime factors of 46227.
3, 19, 811
What are the prime factors of 1664?
2, 13
What are the prime factors of 1696?
2, 53
List the prime factors of 1166.
2, 11, 53
What are the prime factors of 1263?
3, 421
What are the prime factors of 781?
11, 71
What are the prime factors of 3671?
3671
List the prime factors of 2913.
3, 971
List the prime factors of 16497.
3, 13, 47
List the prime factors of 1786.
2, 19, 47
What are the prime factors of 718?
2, 359
List the prime factors of 149921.
149921
What are the prime factors of 45833?
45833
List the prime factors of 66367.
7, 19, 499
List the prime factors of 8703.
3, 967
What are the prime factors of 80523?
3, 23, 389
What are the prime factors of 5354?
2, 2677
What are the prime factors of 9022?
2, 13, 347
List the prime factors of 10360.
2, 5, 7, 37
What are the prime factors of 1189?
29, 41
What are the prime factors of 585?
3, 5, 13
List the prime factors of 4541.
19, 239
List the prime factors of 145231.
17, 8543
List the prime factors of 869.
11, 79
What are the prime factors of 1978?
2, 23, 43
List the prime factors of 160706.
2, 7, 13, 883
What are the prime factors of 88547?
88547
What are the prime factors of 10521?
3, 7, 167
List the prime factors of 39.
3, 13
List the prime factors of 1997.
1997
List the prime factors of 734.
2, 367
List the prime factors of 86920.
2, 5, 41, 53
What are the prime factors of 381?
3, 127
List the prime factors of 8181.
3, 101
List the prime factors of 3218.
2, 1609
List the prime factors of 52096.
2, 11, 37
What are the prime factors of 581?
7, 83
What are the prime factors of 2325?
3, 5, 31
What are the prime factors of 280?
2, 5, 7
List the prime factors of 644.
2, 7, 23
List the prime factors of 29995.
5, 7, 857
What are the prime factors of 2413?
19, 127
What are the prime factors of 4510?
2, 5, 11, 41
List the prime factors of 448.
2, 7
List the prime factors of 13402.
2, 6701
What are the prime factors of 2257?
37, 61
What are the prime factors of 1132?
2, 283
List the prime factors of 8262.
2, 3, 17
List the prime factors of 36931.
36931
List the prime factors of 4676.
2, 7, 167
What are the prime factors of 545?
5, 109
What are the prime factors of 3736?
2, 467
What are the prime factors of 10541?
83, 127
What are the prime factors of 810?
2, 3, 5
List the prime factors of 6686.
2, 3343
List the prime factors of 1235.
5, 13, 19
What are the prime factors of 9627?
3, 3209
List the prime factors of 727.
727
List the prime factors of 4330.
2, 5, 433
What are the prime factors of 41993?
7, 857
What are the prime factors of 4158?
2, 3, 7, 11
List the prime factors of 2951.
13, 227
What are the prime factors of 1615?
5, 17, 19
What are the prime factors of 1899?
3, 211
List the prime factors of 8273.
8273
What are the prime factors of 37842?
2, 3, 7, 17, 53
List the prime factors of 1801.
1801
List the prime factors of 23053.
23053
List the prime factors of 205.
5, 41
What are the prime factors of 26917?
11, 2447
What are the prime factors of 8799?
3, 7, 419
List the prime factors of 4351.
19, 229
What are the prime factors of 7148?
2, 1787
List the prime factors of 161.
7, 23
What are the prime factors of 44890?
2, 5, 67
List the prime factors of 5634.
2, 3, 313
List the prime factors of 8062.
2, 29, 139
List the prime factors of 41571.
3, 31, 149
List the prime factors of 3364.
2, 29
What are the prime factors of 15?
3, 5
List the prime factors of 260.
2, 5, 13
List the prime factors of 21959.
7, 3137
What are the prime factors of 1383?
3, 461
List the prime factors of 134969.
139, 971
List the prime factors of 1305.
3, 5, 29
List the prime factors of 5414.
2, 2707
What are the prime factors of 1726?
2, 863
What are the prime factors of 1806?
2, 3, 7, 43
List the prime factors of 1348.
2, 337
What are the prime factors of 1356?
2, 3, 113
List the prime factors of 42811.
31, 1381
List the prime factors of 55828.
2, 17, 821
What are the prime factors of 567?
3, 7
What are the prime factors of 3345?
3, 5, 223
List the prime factors of 1201.
1201
List the prime factors of 16662.
2, 3, 2777
List the prime factors of 45593.
127, 359
List the prime factors of 73999.
73999
List the prime factors of 11399.
11399
List the prime factors of 89481.
3, 7, 4261
What are the prime factors of 5766?
2, 3, 31
What are the prime factors of 64671?
3, 21557
What are the prime factors of 641?
641
What are the prime factors of 36157?
11, 19, 173
What are the prime factors of 382?
2, 191
List the prime factors of 38044.
2, 9511
What are the prime factors of 118?
2, 59
What are the prime factors of 3881?
3881
What are the prime factors of 1776?
2, 3, 37
List the prime factors of 17756.
2, 23, 193
What are the prime factors of 114607?
31, 3697
List the prime factors of 651.
3, 7, 31
What are the prime factors of 99552?
2, 3, 17, 61
What are the prime factors of 727?
727
What are the prime factors of 32792?
2, 4099
What are the prime factors of 980?
2, 5, 7
What are the prime factors of 2541?
3, 7, 11
What are the prime factors of 1767?
3, 19, 31
List the prime factors of 3451.
7, 17, 29
List the prime factors of 933.
3, 311
List the prime factors of 1369.
37
List the prime factors of 135615.
3, 5, 9041
List the prime factors of 1597.
15